{"id":9853,"date":"2023-05-06T17:42:22","date_gmt":"2023-05-06T15:42:22","guid":{"rendered":"https:\/\/hudjik.com\/prodavnica\/nem-kategorizalt\/vagokes-sep2000-l\/"},"modified":"2025-01-21T09:50:27","modified_gmt":"2025-01-21T08:50:27","slug":"allokes-fahr-szecskahoz","status":"publish","type":"product","link":"https:\/\/hudjik.com\/hu\/proizvod\/allokes-fahr-szecskahoz\/","title":{"rendered":"\u00c1ll\u00f3k\u00e9s Fahr szecsk\u00e1hoz"},"content":{"rendered":"<p>A szecsk\u00e1hoz val\u00f3 Fahr all\u00f3k\u00e9s az EU-b\u00f3l sz\u00e1rmaz\u00f3, els\u0151oszt\u00e1ly\u00fa bori mang\u00e1nnal \u00f6tv\u00f6z\u00f6tt ac\u00e9llemezb\u0151l k\u00e9sz\u00fcl. A s\u00faly egyenletes eloszl\u00e1sa \u00e9rdek\u00e9ben, l\u00e9zerv\u00e1g\u00e1st alkalmazunk. A h\u0151kezelt szecsk\u00e1z\u00f3k\u00e9s magas min\u0151s\u00e9get, hossz\u00fa \u00e9lettartamot \u00e9s megb\u00edzhat\u00f3s\u00e1got garant\u00e1l. A b\u00f3rmang\u00e1nnal \u00f6tv\u00f6z\u00f6tt ac\u00e9lt kiv\u00e9teles mechanikai \u00e9s fizikai tulajdons\u00e1gok jellemzi, a h\u0151kezel\u00e9si elj\u00e1r\u00e1sokn\u00e1l jelentkez\u0151 merevs\u00e9g n\u00e9lk\u00fcl. Ez az eml\u00edtett elemek kop\u00e1s\u00e1ll\u00f3s\u00e1g\u00e1ban mutatkozik meg a sz\u00e9ls\u0151s\u00e9ges \u00e9s extr\u00e9m k\u00f6r\u00fclm\u00e9nyek k\u00f6z\u00f6tt az \u00e9lek szil\u00e1rds\u00e1ga \u00e9s \u00e9less\u00e9ge, valamint hossz\u00fa \u00e9lettartama \u00e1ltal. A vil\u00e1g minden nagy, neves alkatr\u00e9sz- \u00e9s mez\u0151gazdas\u00e1gi g\u00e9p gy\u00e1rt\u00f3ja bori mang\u00e1nnal \u00f6tv\u00f6z\u00f6tt ac\u00e9lt haszn\u00e1l.<\/p>\n","protected":false},"excerpt":{"rendered":"<p>A k\u00f6vetkez\u0151 szecsk\u00e1z\u00f3khoz val\u00f3:<\/p>\n<ul>\n<li>FAHR 0620-4848<\/li>\n<li>BISO 28.801.402-0017\/2809<\/li>\n<li>JOHN DEERE 490 18300<\/li>\n<\/ul>\n","protected":false},"featured_media":19632,"template":"","meta":[],"product_brand":[],"product_cat":[298],"product_tag":[1088,1036,1009],"class_list":["post-9853","product","type-product","status-publish","has-post-thumbnail","product_cat-szalmaszecskazo-kesek","product_tag-fahr-hu-2","product_tag-hudjik-hu","product_tag-szecskazokes","pa_brend-fahr-hu","pa_debljina-3mm-hu","pa_duzina-198mm-hu","pa_precnik-otvora-65mm-hu","pa_sirina-50mm-32mm-hu","first","instock","taxable","shipping-taxable","purchasable","product-type-simple"],"_links":{"self":[{"href":"https:\/\/hudjik.com\/hu\/wp-json\/wp\/v2\/product\/9853","targetHints":{"allow":["GET"]}}],"collection":[{"href":"https:\/\/hudjik.com\/hu\/wp-json\/wp\/v2\/product"}],"about":[{"href":"https:\/\/hudjik.com\/hu\/wp-json\/wp\/v2\/types\/product"}],"version-history":[{"count":4,"href":"https:\/\/hudjik.com\/hu\/wp-json\/wp\/v2\/product\/9853\/revisions"}],"predecessor-version":[{"id":27009,"href":"https:\/\/hudjik.com\/hu\/wp-json\/wp\/v2\/product\/9853\/revisions\/27009"}],"wp:featuredmedia":[{"embeddable":true,"href":"https:\/\/hudjik.com\/hu\/wp-json\/wp\/v2\/media\/19632"}],"wp:attachment":[{"href":"https:\/\/hudjik.com\/hu\/wp-json\/wp\/v2\/media?parent=9853"}],"wp:term":[{"taxonomy":"product_brand","embeddable":true,"href":"https:\/\/hudjik.com\/hu\/wp-json\/wp\/v2\/product_brand?post=9853"},{"taxonomy":"product_cat","embeddable":true,"href":"https:\/\/hudjik.com\/hu\/wp-json\/wp\/v2\/product_cat?post=9853"},{"taxonomy":"product_tag","embeddable":true,"href":"https:\/\/hudjik.com\/hu\/wp-json\/wp\/v2\/product_tag?post=9853"}],"curies":[{"name":"wp","href":"https:\/\/api.w.org\/{rel}","templated":true}]}}

Állókés Fahr szecskához

<p>A szecskához való Fahr allókés az EU-ból származó, elsőosztályú bori mangánnal ötvözött acéllemezből készül. A súly egyenletes eloszlása érdekében, lézervágást alkalmazunk. A hőkezelt szecskázókés magas minőséget, hosszú élettartamot és megbízhatóságot garantál. A bórmangánnal ötvözött acélt kivételes mechanikai és fizikai tulajdonságok jellemzi, a hőkezelési eljárásoknál jelentkező merevség nélkül. Ez az említett elemek kopásállóságában mutatkozik meg a szélsőséges és extrém körülmények között az élek szilárdsága és élessége, valamint hosszú élettartama által. A világ minden nagy, neves alkatrész- és mezőgazdasági gép gyártója bori mangánnal ötvözött acélt használ.</p>

<p>A következő szecskázókhoz való:</p>
<ul>
<li>FAHR 0620-4848</li>
<li>BISO 28.801.402-0017/2809</li>
<li>JOHN DEERE 490 18300</li>
</ul>
